 + 78. What is the hundreds digit of u(-5)?
4
Let c(q) = 7*q**2 - 3*q - 1. Let h(g) = g**2 - g - 1. Suppose 7*w = 3*w + 4. Let s(f) = w*c(f) - h(f). What is the tens digit of s(2)?
2
Suppose -17 = -3*v - 2*v - 4*n, 2*v = 3*n + 16. Suppose -5*m + 4*a - a + 335 = 0, -2*a - 330 = -v*m. What is the units digit of m?
4
Let g(y) = 35*y + 607. What is the tens digit of g(0)?
0
Let l(j) = -2*j**3 - j**2 + j + 3. Let o be ((-2)/(-6))/(14/(-126)). What is the units digit of l(o)?
5
What is the hundreds digit of ((-22)/66)/((-1)/(-3)) - -1408?
4
Suppose -2*g - 44 = 2*g. Let l(h) = -76 - 53 - 4*h - 72 + 177. What is the tens digit of l(g)?
2
Let i be 156/10*200/30. Let u = -71 + i. What is the tens digit of u?
3
Let o be (-4)/(-16) + (-350)/(-8). Let r = o + -66. Let z = r + 31. What is the units digit of z?
9
Suppose b + 20 = 5*b. Suppose -a - 96 = -2*s + 3*a, 3*s = b*a + 140. What is the units digit of (-4)/6 - s/(-15)?
2
Let k(p) = 3*p**2 + 58*p + 187. What is the thousands digit of k(-37)?
2
What is the thousands digit of (-1 - -92)/((-8568)/954 + 9)?
4
Let p(l) = 43*l + 7. Let t be p(4). Suppose -t + 172 = -o. What is the units digit of o?
7
Let q(t) = t**2 + 8*t + 3. Let x(r) = 2*r**3 + 2*r**2 + r + 2. Suppose 4*a = -5 - 3. Let v be x(a). What is the units digit of q(v)?
3
Let y(i) = 14*i**2 - 9*i + 17. Let r(h) = h**3 + 5*h**2 - 6*h + 4. Let d be r(-6). What is the hundreds digit of y(d)?
2
Let k(o) = 2*o**3 + o**2 - 4*o. Let y be k(3). Suppose -9*i + 15*i - 150 = 0. Let n = y - i. What is the tens digit of n?
2
What is the tens digit of (1 - 5)/(66/(-7359))?
4
Let i = 917 - -154. What is the units digit of i?
1
Let l = 144 - 2. What is the units digit of l?
2
Suppose 4*a - 344 - 574 = -2*m, -a - 1342 = -3*m. What is the tens digit of m?
4
Let n(q) = 2*q**3 - 17*q**2 + 67*q + 36. What is the hundreds digit of n(11)?
3
Let p(m) = -11*m + 68. What is the tens digit of p(-22)?
1
Let i = 102 + 733. What is the units digit of i?
5
Suppose 2 = 2*w, 14*u + 4*w = 9*u + 2669. What is the hundreds digit of u?
5
Let u(y) = -9*y**2 - y - 4. Let w be u(3). What is the hundreds digit of ((-22)/4)/(-1*(-4)/w)?
1
Let a(y) be the third derivative of -3/20*y**5 + 1/120*y**6 + 0*y - 3/8*y**4 + 4*y**2 - y**3 + 0. What is the units digit of a(10)?
4
Let u be 12/21*14/(-4)*-73. Let x = u - -209. What is the hundreds digit of x?
3
Let z be 1*74 + -1 - (-9 + 8). Let h = z - -59. What is the hundreds digit of h?
1
Let y = 79 + 4. Suppose -y = -4*c + 141. Let w = c + -19. What is the units digit of w?
7
Suppose 10*f - 5*f + 1205 = 0. Let o be f/1*8/(-8). Let w = -160 + o. What is the units digit of w?
1
Let n(r) = -r**3 - 2*r**2 - 5*r - 3. Let y = 15 - -9. Suppose -2*f + 4*j = -10, 4*f + 5*j - 2*j + y = 0. What is the tens digit of n(f)?
2
Let f(v) = -v**2 + 15*v - 18. Suppose -3*x + 4*x - 36 = 0. Let n = -24 + x. What is the units digit of f(n)?
8
Suppose 0 = -c + 17 + 4. Let i = 31 - c. Suppose -y + 5*g - 15 - 2 = 0, -2*y + i = g. What is the units digit of y?
3
Let y(z) be the first derivative of 5*z**3/3 - z**2/2 + 15*z - 15. What is the units digit of y(-4)?
9
Suppose -31332 = -37*p + 9*p. What is the thousands digit of p?
1
Suppose -2*d + 3 = -3*f, 0 = -2*d - 3*d - 4*f - 27. Let g be 1 - (d + (-4)/(-1)). Let b(w) = -w**2 + w + 15. What is the units digit of b(g)?
5
Let p(r) = -3*r**2 + 11*r - 5. Let n(t) = t**2 - t + 1. Let m(x) = -4*n(x) - p(x). Let y be m(-7). What is the units digit of (-2)/(y + 196/(-188))?
7
Let l = 38 - 38. Suppose -2*d + f = -31, l = 4*d - 4*f + f - 61. What is the tens digit of d?
1
Let x = -449 - -948. What is the units digit of x?
9
Suppose -26 = -5*h - 3*x, -h - 2 = -x - 2*x. Let k(b) = b**3 + 8*b**2 + 5*b - 3. Let s be k(-7). Suppose -25 - s = -h*a. What is the units digit of a?
9
Let x(u) = 32*u**2 - 73*u - 11. What is the units digit of x(-9)?
8
Let c(s) = s**2 - 4. Let g be c(3). Suppose 4*j - 11 - g = 0. Suppose -j*k = -9*k + 95. What is the units digit of k?
9
Let k(i) = -4*i - 42. Let z be k(-9). Let u = z - -86. What is the tens digit of u?
8
Let j = -327 - -283. Let t(o) = -5*o - 1. Let d be t(2). Let m = d - j. What is the tens digit of m?
3
Let j = -96 + 158. Let o = 6 - j. Let z = -28 - o. What is the tens digit of z?
2
What is the tens digit of (-10684)/(-12) - (-20)/(-15)?
8
What is the units digit of ((-1185)/(-6))/(10/80)?
0
Suppose 10*s - 832 = 458. What is the tens digit of s?
2
Let v = -228 + 324. What is the units digit of v?
6
Suppose -k + 16 = -21. Let t(m) = m**3 + 6*m**2 + 8*m + 3. Let c be t(-5). Let r = c + k. What is the units digit of r?
5
Let j(h) = 2*h**2 + 5*h + 2. Let a be j(-3). Suppose -a*l + 254 = 39. What is the units digit of l?
3
Suppose 0 = -6*p + 4*p. Suppose -350 = -i + w, p = -3*i + 2*i - 5*w + 344. What is the units digit of i?
9
Let k(a) = a**2 - 12*a - 170. What is the hundreds digit of k(34)?
5
Suppose 0*j + 27 = -b - 5*j, b + 12 = -2*j. Let f(g) be the third derivative of g**5/10 - g**4/8 - g**3/6 - g**2. What is the tens digit of f(b)?
2
Let s be (-2)/(-15) - (-1274)/(-105). Let v(o) = o**2 + 14*o + 14. Let d be v(s). Let k = -5 - d. What is the units digit of k?
5
Let b(u) = -7*u - 3. Let g(d) = -d**3 - 8*d**2 - 13*d - 7. Let m be g(-6). What is the units digit of b(m)?
4
Let g(y) = -6*y - 15. Suppose 7*v + 3*v + 80 = 0. What is the tens digit of g(v)?
3
Let a be 9/18 - (-9)/6. Suppose -2*y + 384 = -a*s + 5*s, 4*y = 3*s - 402. Suppose s = 6*w - w. What is the tens digit of w?
2
Let w be (164/6)/((-4)/(-24)). Suppose m + w = 2*f + 6*m, -m = -2. What is the tens digit of f?
7
Let o(p) = 6*p**3 - 20*p**2 + 24*p - 24. What is the thousands digit of o(9)?
2
What is the units digit of (136/12)/(-17)*-2655?
0
Let h(l) = 4 - 2*l**2 + 4*l - l**3 + 6*l**2 + 8*l. What is the units digit of h(6)?
4
Let d = 1830 + 406. What is the thousands digit of d?
2
Let z = -30 + 168. What is the hundreds digit of z?
1
Suppose y + 4*h = h + 443, -3*y + 2*h + 1296 = 0. What is the tens digit of y?
3
Let z = 5369 - 3048. What is the units digit of z?
1
Suppose -5*p - 2*u - 1704 = 0, 0 = -4*p + 2*u - 62 - 1294. What is the tens digit of p/(-9) + 14/63?
3
What is the hundreds digit of 7028/21 - 3/(-9)?
3
Suppose 3*s - 5 = 2*s. Suppose 0 = s*l + 37 - 12. What is the units digit of (-19)/(-5) - l/25?
4
Suppose 11*z - 10*z + 42 = 0. Let p = z - -101. What is the units digit of p?
9
Let x be 2/3*(-7 - -1). Let s = 9 + x. Suppose 0 = 2*k, -2*o + 45 = s*k - 9. What is the units digit of o?
7
Let z = 6898 - 4797. What is the tens digit of z?
0
Let r = 710 - 141. What is the hundreds digit of r?
5
Let i(j) = j**3 - 3*j**2 - 5*j + 6. Let b be i(4). Suppose -t + 98 = 2*t - 4*c, 70 = b*t + 2*c. Let o = 18 + t. What is the units digit of o?
2
Suppose 0 = 3*c, 5*y - 4*c = 4897 + 3128. What is the units digit of y?
5
Suppose 3*i + l = -25 - 31, 4*l = 4*i + 48. Let f = -9 - i. Let x = f + 22. What is the tens digit of x?
3
Let w be (2 - 5) + 32 - -2. Let x = w - 27. What is the tens digit of (-1)/x + (-375)/(-12)?
3
Suppose -8 = -3*a + a. Let l(v) = v**2 + 7. Let x(z) = z**2 + 6. Let i(u) = -5*l(u) + 6*x(u). What is the units digit of i(a)?
7
Let x(r) be the second derivative of -r**5/20 + 23*r**4/12 - 11*r**3/3 + 53*r**2/2 - 25*r. What is the units digit of x(22)?
3
What is the tens digit of (-3542)/(-9) - -10*(-12)/(-270)?
9
Let a(n) = n**3 + 8*n**2 + n + 10. Let o be a(-8). Let p be 1 + o + 2 + 1. Let u = -3 + p. What is the units digit of u?
3
Let y = 19 - 28. Let f = 29 + y. What is the units digit of f?
0
Suppose 2*a - 4 = -4*x, 0 = -x + 5*a + 15 + 8. Let s = 252 + -239. Let r = s + x. What is the tens digit of r?
1
Let v(s) = 5*s**3 + 14*s**2 - 9*s + 14. Let q(m) = 2*m**3 + 7*m**2 - 5*m + 7. Let u(c) = -7*q(c) + 3*v(c). What is the units digit of u(6)?
5
Suppose 5*x - 2*a = 3, -2*x + 5*a + 0 = 3. Suppose -3 = -g + x. Suppose 0 = -3*o - o + 2*k + 136, -3*o + 91 = g*k. What is the tens digit of o?
3
Let r(m) = m - 4. Let b be r(7). Suppose -b*v + 154 = -665. What is the units digit of v?
3
Let q(s) = -3*s**2 - 31*s - 9. What is the units digit of q(-10)?
1
Let w be 300/36 - 1/3. Suppose 0 = w*y - 12*y + 128. What is the tens digit of y?
3
Suppose 0 = 3*a - 1027 - 269. What is the hundreds digit of a?
4
Suppose -d - 2*p - 257 